
False
Is 84318691 a prime number?
False
Is 8594770967 composite?
False
Is 18318394537 prime?
True
Is 20406344537 prime?
False
Is 326073295 a prime number?
False
Is 19539227593 a prime number?
False
Is 216568693 composite?
True
Is 1649210999 a composite number?
False
Is 1302528841 prime?
False
Is 861928715 composite?
True
Is 78315895979 prime?
False
Is 7147251691 a prime number?
True
Is 2609245447 a composite number?
False
Is 7224338599 prime?
False
Is 5550792151 prime?
True
Is 12415226909 prime?
False
Is 9233738533 prime?
False
Is 2637993593 a prime number?
True
Is 56864589493 prime?
False
Is 16387779571 prime?
False
Is 5681374921 prime?
True
Is 830421281 prime?
True
Is 5599398113 a composite number?
True
Is 2330175607 a composite number?
True
Is 7572231233 prime?
False
Is 1737341261 a composite number?
False
Is 2295965207 composite?
False
Is 167983481 composite?
False
Is 32893415647 a prime number?
False
Is 59790382969 prime?
False
Is 407522099 prime?
True
Is 435332467 a composite number?
True
Is 36480684343 prime?
True
Is 65320793711 a prime number?
True
Is 66953553 composite?
True
Is 43247187947 prime?
False
Is 6219649507 a composite number?
False
Is 4076524559 composite?
False
Is 1486781081 a prime number?
True
Is 31538061557 a composite number?
False
Is 56391973 prime?
False
Is 26188200019 prime?
False
Is 18746396017 a prime number?
False
Is 4690397407 prime?
True
Is 111192855551 composite?
False
Is 29956534459 a prime number?
False
Is 131418559 prime?
False
Is 64099668143 a composite number?
True
Is 1204317823 prime?
False
Is 313166869 prime?
False
Is 4503101509 a prime number?
False
Is 3800404991 a prime number?
True
Is 34975123033 a composite number?
False
Is 9540662009 a prime number?
False
Is 2346697711 a composite number?
False
Is 420371453 a composite number?
True
Is 766787843 a composite number?
True
Is 509846341 a composite number?
True
Is 5721185311 prime?
True
Is 29535033887 a prime number?
True
Is 8292419 composite?
False
Is 15166212407 prime?
False
Is 273567223007 composite?
True
Is 1570261523 a composite number?
False
Is 14641873843 a prime number?
False
Is 63215986373 prime?
True
Is 191454763 a prime number?
False
Is 29297172491 a composite number?
True
Is 93516665339 composite?
True
Is 16008684379 a prime number?
True
Is 952052954 prime?
False
Is 6497795791 a composite number?
True
Is 1561515583 prime?
True
Is 352564103 a prime number?
True
Is 122146726591 composite?
False
Is 3686414477 composite?
False
Is 15231432817 composite?
False
Is 19194303281 composite?
True
Is 272865589 prime?
False
Is 4624445005 prime?
False
Is 2377988959 prime?
True
Is 2252385579 a composite number?
True
Is 7651132897 prime?
False
Is 387557530891 composite?
False
Is 71644234741 a prime number?
True
Is 426832163 a composite number?
True
Is 102331993459 a composite number?
True
Is 1334568839 a prime number?
True
Is 17530370867 prime?
True
Is 7303093463 a prime number?
True
Is 9965717861 a prime number?
False
Is 2302825319 a composite number?
False
Is 492927371 prime?
True
Is 2269492559 prime?
True
Is 2127125189 a prime number?
False
Is 1203836377 composite?
False
Is 3181633381 a composite number?
True
Is 1592961883 a composite number?
True
Is 25570374967 a prime number?
True
Is 432067477 composite?
False
Is 181365967 a composite number?
True
Is 1974455113 composite?
False
Is 18195437141 composite?
True
Is 404881709 a composite number?
True
Is 746243915 prime?
False
Is 47159606983 a composite number?
False
Is 1696820501 a prime number?
True
Is 9476452607 prime?
True
Is 11890208623 composite?
True
Is 78122454682 a composite number?
True
Is 427287463 a composite number?
False
Is 54396420226 a prime number?
False
Is 3731242811 prime?
False
Is 69199593863 composite?
False
Is 275240389 composite?
False
Is 18648310883 a prime number?
True
Is 3272683663 composite?
False
Is 3161747761 a composite number?
False
Is 451799897 a prime number?
True
Is 1494429901 a prime number?
True
Is 136557535279 a prime number?
False
Is 11933425457 a composite number?
False
Is 2808928009 a prime number?
True
Is 1150935101 a prime number?
True
Is 683257189 composite?
True
Is 10828665503 a prime number?
True
Is 119969032345 composite?
True
Is 111978804703 a prime number?
True
Is 9642409799 a prime number?
False
Is 849469403 composite?
False
Is 25785152423 composite?
True
Is 79805621803 a prime number?
False
Is 31325129219 a prime number?
False
Is 3487047199 prime?
True
Is 13149030809 prime?
False
Is 996910417 prime?
False
Is 14887287143 a composite number?
False
Is 11015092757 a prime number?
False
Is 806003833 a composite number?
False
Is 730026743 prime?
True
Is 3193194407 prime?
False
Is 2244391637 prime?
True
Is 15530910121 a prime number?
False
Is 336348569 a prime number?
True
Is 10755966649 a composite number?
False
Is 23490707863 a prime number?
False
Is 382999597 a composite number?
True
Is 76813657 a prime number?
True
Is 11289317 prime?
False
Is 13080653017 composite?
False
Is 223429236157 a composite number?
False
Is 77466387821 a composite number?
False
Is 146111359 composite?
False
Is 9897402967 a composite number?
True
Is 41665874 prime?
False
Is 1832844847 prime?
False
Is 5224530251 prime?
False
Is 205999769 a prime number?
True
Is 1453467779 a composite number?
False
Is 2439774478 a composite number?
True
Is 60250157 prime?
False
Is 5162877877 composite?
True
Is 30286304569 prime?
True
Is 36814250803 a composite number?
True
Is 79984003343 a composite number?
True
Is 98220026789 a composite number?
True
Is 7178952577 a prime number?
True
Is 3258702893 prime?
False
Is 3465241961 a composite number?
False
Is 13883438099 prime?
True
Is 37245220807 composite?
False
Is 11723119547 prime?
True
Is 85004107 prime?
False
Is 286405381 a composite number?
False
Is 950414197 a prime number?
True
Is 1492598507 prime?
True
Is 86783003 composite?
False
Is 47137264835 a composite number?
True
Is 2462639027 composite?
False
Is 1252689241 prime?
True
Is 495583147 composite?
False
Is 1953446401 a composite number?
False
Is 758877857 prime?
False
Is 252194602507 a composite number?
False
Is 21137803199 prime?
False
Is 553976309 prime?
False
Is 173376540605 a prime number?
False
Is 1372980593 prime?
True
Is 996624506 a composite number?
True
Is 1258411183 composite?
False
Is 79500391 prime?
False
Is 3860028149 composite?
True
Is 42869261 composite?
False
Is 4847810813 composite?
True
Is 51742259 a composite number?
True
Is 10568310119 prime?
True
Is 27578910199 a composite number?
False
Is 38018964759 a composite number?
True
Is 50154498539 composite?
False
Is 1750456217 prime?
False
Is 2754717023 a prime number?
True
Is 5822809 a prime number?
False
Is 16458111487 composite?
False
Is 12275598963 prime?
False
Is 84090659 composite?
False
Is 1728227273 a composite number?
False
Is 2955158014 prime?
False
Is 18663128882 prime?
False
Is 69397472041 a composite number?
False
Is 141740267635 a prime number?
False
Is 567063881 a composite number?
True
Is 80321977969 composite?
False
Is 2213266661 composite?
True
Is 84541993 a prime number?
False
Is 4823233333 prime?
True
Is 191017457779 a composite number?
False
Is 5843723819 prime?
True
Is 29732080849 a composite number?
False
Is 1268208841 prime?
True
Is 2532253421 prime?
True
Is 490892609 prime?
False
Is 122040844039 prime?
False
Is 483174227 composite?
True
Is 42019669463 composite?
False
Is 989813383 prime?
False
Is 6187156139 prime?
True
Is 11996549891 a prime number?
True
Is 111967459 prime?
True
Is 8720441633 composite?
True
Is 211139909 a composite number?
False
Is 1765818863 composite?
True
Is 1666047679 composite?
False
Is 65913717187 a composite number?
True
Is 236627866 a composite number?
True
Is 34426363767 prime?
False
Is 18318435217 composite?
True
Is 41100601 a composite number?
True
Is 79767251 a prime number?
True
Is 21254629523 prime?
True
Is 78310627453 composite?
True
Is 210813803 a composite number?
False
Is 133827146923 composite?
False
Is 13764792289 composite?
False
Is 27243889297 a prime number?
False
Is 29556271651 prime?
True
Is 125945291 composite?
False
Is 1164120059 composite?
True
Is 2922908611 composite?
True
Is 43255767743 a prime number?
False
Is 61131954211 a composite number?
True
Is 243552718